re the prime factors of 953573?
659, 1447
List the prime factors of 21976465.
5, 7, 293, 2143
List the prime factors of 174768.
2, 3, 11, 331
List the prime factors of 163417.
163417
What are the prime factors of 3536920?
2, 5, 88423
List the prime factors of 182826.
2, 3, 7, 1451
List the prime factors of 21539.
7, 17, 181
What are the prime factors of 830180?
2, 5, 13, 31, 103
List the prime factors of 2903282.
2, 1451641
What are the prime factors of 5382738?
2, 3, 19, 15739
List the prime factors of 267503.
43, 6221
What are the prime factors of 118560?
2, 3, 5, 13, 19
List the prime factors of 272431.
37, 199
List the prime factors of 139245.
3, 5, 9283
What are the prime factors of 12404458?
2, 11, 17, 1951
What are the prime factors of 168883?
11, 13, 1181
List the prime factors of 674611.
7, 17, 5669
What are the prime factors of 354410?
2, 5, 7, 61, 83
List the prime factors of 5619306.
2, 3, 7, 11, 12163
List the prime factors of 260482.
2, 130241
List the prime factors of 8783267.
8783267
List the prime factors of 14807655.
3, 5, 329059
What are the prime factors of 1032882?
2, 3, 172147
List the prime factors of 534068.
2, 31, 59, 73
What are the prime factors of 4663736?
2, 7, 11, 67, 113
What are the prime factors of 7349689?
43, 59, 2897
List the prime factors of 321219.
3, 11897
What are the prime factors of 4403379?
3, 157, 9349
List the prime factors of 302270.
2, 5, 167, 181
What are the prime factors of 165863?
47, 3529
What are the prime factors of 728395?
5, 145679
List the prime factors of 2057267.
547, 3761
List the prime factors of 5852696.
2, 731587
What are the prime factors of 11897504?
2, 371797
What are the prime factors of 287279?
287279
What are the prime factors of 7887863?
2287, 3449
What are the prime factors of 8977851?
3, 332513
List the prime factors of 2462180.
2, 5, 7, 43, 409
What are the prime factors of 596878?
2, 29, 41, 251
List the prime factors of 20277293.
29, 699217
List the prime factors of 12913862.
2, 13, 496687
List the prime factors of 201669.
3, 13, 5171
List the prime factors of 2305360.
2, 5, 28817
What are the prime factors of 2916157?
359, 8123
List the prime factors of 690642.
2, 3, 17, 37, 61
What are the prime factors of 10172906?
2, 1879, 2707
What are the prime factors of 11379751?
73, 155887
What are the prime factors of 1834986?
2, 3, 23, 13297
What are the prime factors of 3572822?
2, 11, 17, 41, 233
What are the prime factors of 165817?
165817
What are the prime factors of 171830?
2, 5, 17183
List the prime factors of 101449.
101449
What are the prime factors of 3492670?
2, 5, 233, 1499
List the prime factors of 1814386.
2, 7, 19, 359
What are the prime factors of 5277865?
5, 37, 47, 607
List the prime factors of 281051.
127, 2213
What are the prime factors of 32977376?
2, 1030543
What are the prime factors of 2825874?
2, 3, 43, 1217
List the prime factors of 456660.
2, 3, 5, 43, 59
List the prime factors of 187493.
17, 41, 269
What are the prime factors of 3638009?
3638009
What are the prime factors of 13596926?
2, 7, 71, 13679
List the prime factors of 816210.
2, 3, 5, 3023
List the prime factors of 1109394.
2, 3, 11, 13, 431
List the prime factors of 134478.
2, 3, 31, 241
What are the prime factors of 16501719?
3, 13, 423121
List the prime factors of 690234.
2, 3, 17, 67, 101
List the prime factors of 274679.
274679
What are the prime factors of 10158101?
233, 43597
What are the prime factors of 1042434?
2, 3, 29, 1997
List the prime factors of 614572.
2, 7, 47, 467
List the prime factors of 841249.
277, 3037
List the prime factors of 333868.
2, 19, 23, 191
List the prime factors of 2613622.
2, 11, 118801
List the prime factors of 1363787.
1363787
What are the prime factors of 474099?
3, 23, 6871
What are the prime factors of 823998?
2, 3, 7, 23, 853
List the prime factors of 1332077.
1332077
List the prime factors of 1468171.
17, 67, 1289
What are the prime factors of 330172?
2, 197, 419
What are the prime factors of 691465?
5, 41, 3373
What are the prime factors of 1422960?
2, 3, 5, 7, 11
What are the prime factors of 2087168?
2, 31, 263
List the prime factors of 2191804.
2, 547951
What are the prime factors of 16890638?
2, 59, 143141
What are the prime factors of 633531?
3, 211177
What are the prime factors of 6235896?
2, 3, 259829
List the prime factors of 8931090.
2, 3, 5, 7, 71, 599
What are the prime factors of 730982?
2, 7, 7459
What are the prime factors of 24843350?
2, 5, 7, 70981
What are the prime factors of 8542646?
2, 7, 29, 53, 397
What are the prime factors of 425926?
2, 173, 1231
What are the prime factors of 1616352?
2, 3, 113, 149
List the prime factors of 15810384.
2, 3, 23, 14321
List the prime factors of 181693.
181693
List the prime factors of 286908.
2, 3, 23909
List the prime factors of 1390187.
41, 827
What are the prime factors of 301817?
43, 7019
What are the prime factors of 6232549?
43, 193, 751
List the prime factors of 4080812.
2, 41, 149, 167
List the prime factors of 3423753.
3, 380417
What are the prime factors of 17203292?
2, 4300823
What are the prime factors of 12105091?
67, 79, 2287
What are the prime factors of 22283?
22283
List the prime factors of 670085.
5, 13, 61
What are the prime factors of 220705?
5, 37, 1193
What are the prime factors of 433153?
7, 61879
List the prime factors of 13750233.
3, 7, 89, 1051
List the prime factors of 3989760.
2, 3, 5, 1039
What are the prime factors of 356929?
356929
List the prime factors of 202241.
13, 47, 331
What are the prime factors of 1983996?
2, 3, 7, 7873
List the prime factors of 288096.
2, 3, 3001
List the prime factors of 92238.
2, 3, 15373
What are the prime factors of 248431?
248431
List the prime factors of 481066.
2, 17, 14149
What are the prime factors of 1135460?
2, 5, 56773
What are the prime factors of 6539462?
2, 79, 41389
List the prime factors of 12675878.
2, 6337939
List the prime factors of 140548.
2, 41, 857
What are the prime factors of 6530597?
23, 29, 9791
What are the prime factors of 895235?
5, 11, 41, 397
List the prime factors of 1144594.
2, 11, 52027
What are the prime factors of 325100?
2, 5, 3251
List the prime factors of 14198949.
3, 525887
List the prime factors of 1886295.
3, 5, 125753
What are the prime factors of 826190?
2, 5, 82619
List the prime factors of 277034.
2, 138517
List the prime factors of 14427987.
3, 7, 107, 6421
List the prime factors of 232364.
2, 11, 5281
List the prime factors of 7623306.
2, 3, 47, 9011
List the prime factors of 2948605.
5, 11, 53611
What are the prime factors of 532310?
2, 5, 53231
List the prime factors of 9900672.
2, 3, 19, 23, 59
What are the prime factors of 306127?
107, 2861
What are the prime factors of 226664?
2, 29, 977
What are the prime factors of 1469123?
17, 89, 971
What are the prime factors of 18278205?
3, 5, 11, 110777
What are the prime factors of 1215882?
2, 3, 31, 2179
What are the prime factors of 1258578?
2, 3, 17, 457
What are the prime factors of 1124714?
2, 562357
What are the prime factors of 1134333?
3, 126037
What are the prime factors of 126835?
5, 25367
What are the prime factors of 346445?
5, 11, 6299
What are the prime factors of 1700206?
2, 23, 1607
What are the prime factors of 5755865?
5, 23, 50051
List the prime factors of 1092771.
3, 1499
List the prime factors of 8576405.
5, 73, 23497
What are the prime factors of 3540499?
3540499
What are the prime factors of 156758?
2, 7, 11197
What are the prime factors of 174489?
3, 7, 1187
What are the prime factors of 10252399?
29, 353531
What are the prime factors of 4778033?
13, 367541
What are the prime factors of 253018?
2, 73, 1733
List the prime factors of 226975.
5, 7, 1297
List the prime factors of 2579389.
2579389
List the prime factors of 21615555.
3, 5, 13, 110849
List the prime factors of 33876313.
439, 77167
What are the prime factors of 21671182?
2, 13, 197, 4231
List the prime factors of 836896.
2, 26153
What are the prime factors of 19978581?
3, 7, 951361
List the prime factors of 5723559.
3, 41, 15511
What are the prime factors of 2044926?
2, 3, 13, 971
List the prime factors of 18691.
18691
List the prime factors of 539736.
2, 3, 43, 523
List the prime factors of 173144.
2, 23, 941
List the prime factors of 875406.
2, 3, 7, 